a?
3, 17
Let d(a) = -a + 27. Let j be d(12). Suppose 5*m - 2*m = -5*f + 15, -j = -m - 5*f. Suppose -4*y = -6*z + 4*z - 800, -2*z = m. List the prime factors of y.
2, 5
Let k(v) be the first derivative of 5*v**3/3 - 23*v**2/2 + 41. Let z be k(5). List the prime factors of (z - -2) + 0 + 3 + 1.
2
List the prime factors of -458*(-112 - ((1 - 2) + 0/44)).
2, 3, 37, 229
Suppose 0 = 4*f + h + 101, -2*f + h + 23 = -3*f. Suppose 2*m + 47*t = 42*t + 52, m + 5*t - 11 = 0. Let n = m + f. List the prime factors of n.
3, 5
Suppose 467*x = -285*x + 46092336. What are the prime factors of x?
3, 20431
Let b be 6/4 - (-14)/28. Suppose 2*o - 3*h = 423, -b*h = 4*o - 7*h - 845. Suppose -5*w = -o - 430. List the prime factors of w.
2
Suppose 16344*v + 892288 = 16376*v. What are the prime factors of v?
2, 6971
Let h(v) be the second derivative of 4*v**3 - 13*v**2/2 - 53*v. What are the prime factors of h(10)?
227
Let l be (-16)/(-24)*(27/6 - 0). Suppose u = 2*d + 683, -2619 + 566 = -l*u + 2*d. What are the prime factors of u?
5, 137
Let d(w) = -w**2 + 8*w - 2. Let l be d(8). Let k(x) be the third derivative of -2*x**4/3 - x**3 - 6*x**2. List the prime factors of k(l).
2, 13
Let q(c) = -49*c - 112. Suppose f - 35 = 6*f. List the prime factors of q(f).
3, 7, 11
Suppose 1361 - 527 = p. Let n = p - 64. What are the prime factors of n?
2, 5, 7, 11
Let m(a) = 6*a**2 - 36*a + 87. Let i(h) = 4*h + 132. Let f be i(-29). What are the prime factors of m(f)?
3, 349
Suppose -51548 = -5*u + z + 89325, 5*z + 140845 = 5*u. What are the prime factors of u?
2, 3, 587
Let j(d) = 5*d**2 + 84*d - 29. Let u be j(-16). Let r = 325 - u. What are the prime factors of r?
2, 11, 19
Let v(b) = -9*b - 34. Let d be v(-7). Suppose -2*c - 3*p - d = 0, c - 2*p - 8 = p. Let r = c + 65. What are the prime factors of r?
2, 29
Let a = 7541 - 2283. Suppose 42*s = 1000 + a. List the prime factors of s.
149
Let w(p) = -57*p + 275. What are the prime factors of w(-7)?
2, 337
Let i = 63439 - 36156. List the prime factors of i.
27283
Suppose d = 5*v - 24, v - 8*d - 4 = -7*d. Suppose -5630 = -4*c + v*b, -7*b + 8*b - 2 = 0. List the prime factors of c.
2, 3, 5, 47
Let q = -4330 + 11965. List the prime factors of q.
3, 5, 509
Suppose -35*m + 125 = -10*m. Let f(p) = -p**3 + 4*p**2 + 4*p + 5. Let k be f(5). Suppose -130 = -k*z - m*z. List the prime factors of z.
2, 13
Suppose 125 - 38 = 3*k. Let d = 37 - k. What are the prime factors of d?
2
List the prime factors of 3 - ((-18)/((-216)/12) + (-9466 - 2)).
2, 5, 947
Let h be (-370)/148*8/((-2)/1). List the prime factors of h/((-9)/((-1593)/6)).
5, 59
Suppose 7857 = 4*m - 6111. Suppose 0 = s + 8*s - m. List the prime factors of s.
2, 97
Let h = -10567 + 60621. List the prime factors of h.
2, 29, 863
Let c = 1782 + -1131. Suppose 9*q - 1875 = -c. List the prime factors of q.
2, 17
Let z(b) = -b**2 - 13*b - 21. Let f be z(-3). Suppose -33 = -g - 5*u, -f = -g + 4*u - 21. List the prime factors of g.
2
Let o(y) = 6*y**2 + 528*y + 251. What are the prime factors of o(-130)?
11, 3001
Suppose -3*b + 88558 = 5*r, -6*b + 2*b + 5*r = -117984. List the prime factors of b.
2, 14753
Let c = -7 + 11. Let n = -11 - -8. What are the prime factors of c/3*-10*n?
2, 5
Let u = 254 - 413. Let d = u + 276. What are the prime factors of d?
3, 13
Suppose 502*x = 11990963 + 7167365. List the prime factors of x.
2, 7, 29, 47
List the prime factors of (-32)/(-224) + 2 + (-24862)/(-14).
2, 7, 127
Suppose t + 32*y - 37*y - 8412 = 0, 41871 = 5*t + 2*y. List the prime factors of t.
8377
Let r(o) = -4896*o**3 + 6*o**2 - 3*o - 23. Let n(m) = 1632*m**3 - 2*m**2 + m + 8. Let t(f) = 17*n(f) + 6*r(f). List the prime factors of t(-1).
23, 71
Suppose -2*r = -0*r + 2*r - 35248. What are the prime factors of r?
2, 2203
Suppose -13*b + 6*b = -70. Let c be (2 + 84/b)/(6/30). Suppose c = 2*j - 5*g, 2*j = -3*j - 4*g + 196. List the prime factors of j.
2, 3
Let o be 12/(-8) - (-3765)/6. Suppose -13*z + 765 = -o. List the prime factors of z.
107
Let d(u) = 7*u**2 - u - 2. Let o be d(-2). Suppose 0 = y - 3*q - 6, 352*y - 4*q = 357*y + 46. List the prime factors of o*(4 - y/4).
2, 7, 11
Suppose -2*q = -6*q + 5664. Suppose 86*u = 94*u - q. What are the prime factors of u?
3, 59
Suppose 368*x = 325*x + 148952. List the prime factors of x.
2, 433
Suppose -7*z + 2952 + 3131 = 0. What are the prime factors of -1 + z - (48/(-8) + 10)?
2, 3
Let x be (-678)/(-8) - (-16)/64. Suppose x*w - 81*w = 700. List the prime factors of w.
5, 7
Suppose 65769 = 82*v - 168915. What are the prime factors of v?
2, 3, 53
Let x(z) = 3*z**2 - 35*z + 16. Let g(w) = 7*w**2 - 69*w + 32. Let d(r) = 2*g(r) - 5*x(r). List the prime factors of d(26).
2, 3, 5
Let v(w) = -2*w**2 - 7 + 10 - 2 + 3*w**2 + 168*w**3 - 3*w. What are the prime factors of v(1)?
167
Let f(z) = -4*z**3 - 15*z**2 - 10*z + 10. List the prime factors of f(-11).
19, 191
Let p(j) = -662*j**2 + 9*j + 13. Let a(h) = 1322*h**2 - 18*h - 27. Let i(f) = -4*a(f) - 9*p(f). List the prime factors of i(-1).
2, 5, 67
Suppose b = 3*v + 10, -2*v + 0*v = -b + 8. Suppose -6 = -5*q + b. List the prime factors of q + -1 + 36 - -3.
2, 5
Suppose 30 = 2*j - 5*j. Let n(q) = 3*q**2 + 11*q - 8. Let h be n(j). Suppose -11*w + h = -9*w. What are the prime factors of w?
7, 13
Let g = -1153 + 2388. Let n = g + -731. What are the prime factors of n?
2, 3, 7
List the prime factors of (-15)/10 - (0 + -14082)*(-60)/(-48).
3, 5867
Suppose 0 = -5*p - 4*a + 1099, 2*p - 5*a = -2*p + 912. Suppose -s + 1163 = 5*x, x - 6*s = -3*s + p. List the prime factors of x.
2, 29
Let q = -309 + 314. Suppose q*t + 2*u - 1185 = 0, 0 = -2*t + u - 81 + 564. List the prime factors of t.
239
Let q = -25125 + 36156. List the prime factors of q.
3, 3677
Let x(l) = 5*l**2 - 16*l - 15. Let t be x(-6). Let b = t + -114. What are the prime factors of b?
3, 7
Let l = -278 + 538. What are the prime factors of (312/l)/((-6)/(-4280))?
2, 107
Suppose b + 4*u - 4 = 0, -b - 29*u = -34*u + 5. Let d = 0 + 0. Suppose d*t + t - 70 = b. What are the prime factors of t?
2, 5, 7
Suppose 0 = -2*z + w + 26024, 57*w = 5*z + 52*w - 65065. What are the prime factors of z?
3, 4337
Let f = -57 + 60. Suppose 5*a + 0*u - f*u - 2938 = 0, 0 = 4*a + 4*u - 2344. List the prime factors of a.
587
What are the prime factors of (-22)/231 - 71256*12/(-378)?
2, 3, 13, 29
Suppose -7*x = -2*t - 2*x + 36, 3*x = 5*t - 71. Suppose -t - 12 = -5*a, -3*a = -4*b + 1745. List the prime factors of b.
2, 5, 11
List the prime factors of (4/(-6))/((-54)/(-3732237)*-3).
15359
Suppose -25046 = 8*g - 130102. Suppose 299*n = 292*n + g. What are the prime factors of n?
2, 7, 67
Let k(v) = 2*v**2 + 4*v + 5. Let i be k(-2). Suppose -187 = -y + 10*j - 11*j, i*y - 5*j = 895. What are the prime factors of y?
3, 61
Let d(t) = 12*t**2 - 14*t - 21. Let p be d(-6). Suppose p - 2059 = -4*u - 5*n, 5*u + 5*n = 1950. List the prime factors of u.
2, 193
Let v be 1/(-2)*40/20. Let i be (12/(-24))/(v/(2*5)). Suppose 31 = i*l - 54. What are the prime factors of l?
17
Suppose 0 = 271*j - 5649332 - 721065. List the prime factors of j.
11, 2137
List the prime factors of 1150/(-3450) + 2/((-6)/(-182875)).
2, 29, 1051
Suppose -5*h + 99925 = -5*t + 411310, 2*h + 249114 = 4*t. What are the prime factors of t?
2, 3, 5, 173
Let o(q) = 47*q - 91. Let n be o(17). Let c = n - 458. What are the prime factors of c?
2, 5
Let w(q) = 729*q**2 - 294*q - 2581. List the prime factors of w(-9).
2, 11, 2687
Suppose 214*x - 211*x = 3*u + 38514, 0 = -5*u + 30. List the prime factors of x.
2, 13, 19
Let n = 75 + -78. Let z be ((-6)/(-9))/(n/(-180)). Suppose 0 = -c + z + 87. What are the prime factors of c?
127
Let k(b) be the first derivative of 11*b**5/15 + b**2/2 - 3. Let q(x) be the second derivative of k(x). What are the prime factors of q(1)?
2, 11
Suppose -293 = -39*r + 292. Let v = -5 - -9. Suppose -4*u - 5*h = -733, r = v*h - h. What are the prime factors of u?
3, 59
Let x = -190 + 192. Suppose 4*s = x*u - 596, -591 = 2*u - 4*u + 5*s. What are the prime factors of u?
2, 7, 11
Suppose -4431*v = -4408*v - 381593. List the prime factors of v.
47, 353
Let y be 2/((-1)/(289/2)). Suppose 98*z - 63283 = 13*z - 20953. Let c = z + y. List the prime factors of c.
11, 19
Let o = -9133 - -27530. List the prime factors of o.
18397